*t**2 + t**2 + 3*t + 2*t**2. Let n = 42 - 46. What is a(n)?
4
Let b(k) = 3*k**3 + 9*k**2 - 14*k + 6. Let j(s) = s**3 + 3*s**2 - 5*s + 2. Let c(a) = -6*b(a) + 17*j(a). Let d(g) = g**2 - 3*g - 3. Let x be d(3). What is c(x)?
1
Let b(g) = g**3 + 10*g**2 + 8*g - 7. Suppose 0 = 6*n - 14 + 2. Suppose -n*l - 8 = 4*u + u, -u = 3*l + 25. Determine b(l).
2
Let d(f) be the first derivative of 15*f**2/2 + 2*f - 289. Give d(-1).
-13
Let q(x) = 74*x**2 + 11*x + 13. Let y(i) = -50*i**2 - 7*i - 8. Let h(p) = 5*q(p) + 8*y(p). What is h(1)?
-30
Suppose 0 = -5*r + 4*i + 32, -4*r + 5*i + 51 = 20. Let l(k) = k**3 - 3*k**2 - 2*k + 2. Determine l(r).
10
Let q(k) = k**2 + k. Let r(y) = -2*y**2 + 2*y. Let a(g) = 3*q(g) + r(g). Let h(i) = -i**3 + 3*i**2 - 3*i + 4. Let v be h(3). Calculate a(v).
0
Let w(l) = -2*l**2. Let q(c) be the third derivative of c**6/120 + c**5/3 + 37*c**4/24 + 19*c**3/6 + 16*c**2. Let t be q(-18). Give w(t).
-2
Let c(w) be the second derivative of w**5/20 - w**3 + w**2/2 - 40*w. Determine c(4).
41
Let w(u) be the second derivative of -u**5/20 - u**4/4 - u**3/6 - u + 5. Suppose 0 = -3*m + 6, -1 = 4*v - 3*m - 23. Suppose -4*b + v*b = -3. Give w(b).
-1
Let i be (-25)/10*(-1 - -3). Let o(z) = -7*z - 4. Let b(c) = 10*c + 6. Let x(w) = i*b(w) - 7*o(w). Let k be 161/(-28) - (-2)/(-8). What is x(k)?
4
Suppose 3*p + 5 = 26. Suppose -1 = -w - p. Let f(i) = -i**2 - 8*i - 6. Calculate f(w).
6
Let z(q) be the third derivative of -q**4/6 + 31*q**3/6 + 156*q**2. Determine z(8).
-1
Let k(l) = -l**2 + l + 3. Let t(j) = -2*j**2 + 11*j + 9. Let h(v) = -k(v) + t(v). Calculate h(10).
6
Let r(t) = -t + 4. Suppose 18*w - 111 = -273. Give r(w).
13
Let q(g) = -5*g**2 - 14*g - 9. Let a(j) = -4*j**2 - 13*j - 8. Let m(w) = -6*a(w) + 5*q(w). Determine m(9).
-6
Let h(v) = -2*v + 3. Let k(s) = -4*s - 13. Let x be k(-3). Calculate h(x).
5
Let h = -1 - -19. Let d(s) = s**2 + 7 - 3*s + 2*s + 3*s - h*s**3 - 6. Give d(-1).
18
Let c(v) = -5*v + 3*v + 11 - 2 - 2. Let p be c(0). Let a(l) = l - 15. Let x(n) = n - 15. Let k(b) = 4*a(b) - 5*x(b). What is k(p)?
8
Let x(l) be the third derivative of 0*l**4 - 1/12*l**5 + 0*l**3 + 3*l + 0 + l**2 - 1/120*l**6. Give x(-5).
0
Let g(o) = -3*o**2 - 49*o - 55. Let d(y) = -y**2 - 17*y - 18. Let p(f) = 8*d(f) - 3*g(f). Determine p(-9).
3
Let w(z) be the first derivative of -8*z**2 + 6 + 7*z**2 - 28. Let g = -4 - -3. What is w(g)?
2
Let k(q) = 2*q**3 - 6*q**2 + 3*q - 4. Let x(a) = -23*a + 96. Let c be x(4). Determine k(c).
40
Let y(i) = -4*i. Let l(q) = 7*q - 2. Let p(u) = -l(u) - 2*y(u). Determine p(-8).
-6
Suppose 120 = 8*t - 48*t. Let v(z) = z**3 + 3*z**2 - z - 1. Give v(t).
2
Let i(s) = s**3 + 10*s**2. Let k be i(-10). Suppose k = 4*p + 16 - 104. Suppose p*l + 10 = 24*l. Let m(v) = v**3 - 4*v**2 - 3*v - 4. Calculate m(l).
6
Suppose 30*t - 34*t = 240. Let u be (4/3)/((-40)/t). Let k(x) = 6*x**2 - 3 + x**3 - x**u - 1 - 2*x. Determine k(-5).
6
Let d(p) be the first derivative of 6*p + 5/6*p**3 + 0*p**2 + 1. Let o(z) be the first derivative of d(z). Determine o(1).
5
Let d = -1434 + 1440. Let a(m) = m**2 - 8. What is a(d)?
28
Let j = -24 - -52. Suppose j*b - 6 = 26*b. Let k(s) = -2*s + 2*s**3 + 8 - 2*s**3 - s**b + 6*s**2. What is k(6)?
-4
Suppose y = -x - y + 2, 0 = -x + y + 8. Let u(i) = 22*i + 1 + 32*i - 3 - 62*i + 2*i**2. Determine u(x).
22
Let v(c) be the third derivative of -13*c**2 + 0*c + 0*c**3 - 1/60*c**5 - 5/24*c**4 + 0. What is v(-4)?
4
Let q(m) = m**3 - 6*m**2 + 5*m - 6. Let z be 9/3*1 + (-20)/5. Let h(o) = -14*o - 9. Let n be h(z). What is q(n)?
-6
Let x(m) = -m + 9. Let j be x(-17). Let n(r) = -23*r + 14*r**2 - 27*r - j*r + 77*r. Calculate n(1).
15
Let k = 47 - 50. Let x(c) = -c - 7. Suppose 7*g - 3*g = -12. Let u(q) = q + 6. Let v(o) = g*u(o) - 2*x(o). Give v(k).
-1
Let y(s) = 1. Let c(q) = q + 3. Let j be (-1*4)/(-4)*-1. Let n be (1/(-2))/(j/(-4)). Let b(m) = n*y(m) - c(m). Give b(0).
-5
Let a(m) = 6*m - 1. Let f(t) = t**2 + 5*t + 5. Let j be f(-5). Let c(x) be the first derivative of x**3/3 - 2*x**2 - 4*x + 9. Let g be c(j). Determine a(g).
5
Let h(d) = 1. Let u(a) = a + 7. Let w(v) = -5*h(v) + u(v). Let c be (7 - 3) + 18/(-3). What is w(c)?
0
Let r(d) = -10*d**2 - 24*d - 6. Let f be r(-2). Let g(s) = 4*s - 4. Give g(f).
4
Let x(n) = -7*n**2 - 5*n - 4. Suppose -17*d + 59*d = -126. Give x(d).
-52
Suppose -8 = -x - 3*x. Let b(p) = 5*p - 1. Let h be b(x). Let r(l) = 2*l - 8*l + l**2 + 4*l + h*l. Determine r(-6).
-6
Let k(o) = o + 10*o**2 - o + 6*o + o**3 + 5 - 4*o**2. Let i be (-16)/3 - 3/(-9). Determine k(i).
0
Let h(g) = -g**3 - 16*g**2 - 15*g + 25. Let x be h(-15). Let m(c) = -c + 24. Calculate m(x).
-1
Let i(z) = -5*z + 2. Suppose -4*u = -q + 9, 2*q + 11*u - 15 = 16*u. What is i(q)?
-23
Let v(s) = s - 9. Let q be v(11). Let p(z) = z**2 - z**q - 7*z - 7 - z**2. Let g = 36 - 42. Determine p(g).
-1
Let r(u) be the third derivative of u**4/24 + 2*u**3 - 86*u**2. Let y(m) = m**3 - 5*m**2 + 4*m - 3. Let d be y(3). What is r(d)?
3
Let b(f) = -2*f - 3. Let v(y) be the second derivative of 2*y + 0 + 1/6*y**3 + 5*y**2. Let a be v(-12). Calculate b(a).
1
Let b(m) = m**2 - 6*m - 10. Let w be b(7). Let z(y) = -2*y + 3. Let l(g) = 3*g - 5. Let p(u) = w*l(u) - 5*z(u). What is p(1)?
1
Let a(l) = -8*l - 159 + 2*l**2 + 481 + l**3 - 162 - 166. Calculate a(-3).
9
Let o(i) = i + 2. Let r(k) = 2*k + 54. Let n be r(-28). Determine o(n).
0
Let j(s) be the first derivative of -s**4/4 + s**3/3 - 2*s**2 + 5*s + 555. Calculate j(2).
-7
Suppose 21*y - 7 = 3*w + 20*y, 0 = -3*y + 12. Let x(q) = -21*q - 2. What is x(w)?
19
Let m(k) = k + 3. Suppose 4*n + 28 = 8*r, 3*r - 3*n = -0*n + 12. Calculate m(r).
6
Let d(s) = -s**2 + 1. Let l(w) = 5*w**2 + 5*w - 1. Let c(a) = -6*d(a) - l(a). What is c(5)?
-5
Suppose 2*w - 4*s - 14 = 0, 3*w + 2*s = -11 - 0. Let d(n) be the first derivative of 0*n + 0*n - 4 - n - 3*n**2. Determine d(w).
5
Let m(t) = -919*t - 5 - 20 + 927*t. Give m(3).
-1
Let u = 96 - 97. Let k(g) = g**2 + g. Determine k(u).
0
Let o(k) = k**3 + 9*k**2 + 8*k. Suppose 0 = 2*j - 5*z + 18 - 22, 2*j - z = -12. Give o(j).
0
Suppose -5*d = -8*d + 9. Let r be d/(2*(2/2)/(-2)). Let f(c) = c**3 + 4*c**2 + 3*c + 2. Give f(r).
2
Suppose 0 = f - o - 14, 3*f + 0*o = 5*o + 42. Let c(y) = -8*y**2 - 6*y - y**3 - f - 3*y + 10. Suppose 8*k - 2*k + 42 = 0. Calculate c(k).
10
Let n(v) = v**3 + v**2 - v. Let i(z) = -1 - 2*z - z**2 - 2*z**2 + 2*z**2 - z. Let x be i(-3). Determine n(x).
1
Suppose -73 = 4*i + c, -5*c + 71 = -4*i - 4*c. Let k(u) = -u**3 - 17*u**2 + 19*u - 15. Calculate k(i).
-33
Let p(y) be the first derivative of 1/2*y**2 - 6*y - 5. Let m = 7 - 3. Calculate p(m).
-2
Let d(o) = 2*o + 8. Suppose 6 - 20 = 2*y. Let u be d(y). Let s(c) be the third derivative of -c**6/120 - c**5/12 + c**4/4 - 7*c**3/6 - 2*c**2. What is s(u)?
-7
Let o(j) be the first derivative of -j**3 - 2*j - 2 + j + 0*j**3. Let h(q) = -3*q**2 + 9*q + 1. Let t be h(3). Give o(t).
-4
Let s(q) = 5*q - 9. Let z(k) = k + 4. Let o(b) = s(b) + 4*z(b). What is o(-5)?
-38
Let r(w) = -11*w + 3. Let x(f) = 10*f - 3. Let u(m) = -5*r(m) - 6*x(m). Let s be 2*(-3)/6 + 1. Let p(j) = 2*j + 2. Let a be p(s). What is u(a)?
-7
Let z = 216 - 199. Let h(i) = i**2 - 19*i + 27. What is h(z)?
-7
Let j(g) be the second derivative of -g**5/20 + g**4/4 + g**3/2 + 4*g**2 + 13*g. Let p be j(4). Let o(v) = 1 + 1 + v - 3. What is o(p)?
3
Let o(q) = -q**3 - q**2 + q + 1. Let x be o(-2). Let n be 6/(-3 - 0) - -5. Let i(j) = -n*j - j - 4 + 3*j. Calculate i(x).
-7
Let h(x) = x**2 - x - 2. Let s(j) = -j**3 + j**2 + 4. Let p be s(2). Let f = p + 4. Let z be (-33)/(-12) + 1/f. What is h(z)?
4
Let j(m) = -2 + 2*m + 1 + m. Let h(g) = -1. Let l be 31/(-62) - (-1 + (-9)/(-2)). Let f(d) = l*h(d) - j(d). Determine f(4).
-7
Let h(x) = 18*x - 4*x - 5*x - 7*x - 2 + x**2. Calculate h(7).
61
Let b(r) = 14 + 8*r + 11 - 51 + 10. Determine b(3).
8
Let g(s) be the first derivative of -s**3/6 + 3*s**2/2 - s + 34. Let h(f) be the first derivative of g(f). Calculate h(-3).
6
Let a(y) be the third derivative of -6*y**2 - y**3 + 0*y + 0 - 1/12*y**4 + 1/10*y**5 + 1/120*y**6. What is a(-6)?
6
Let p(j) = -11 - 23 + 8*j - 27 + 19. Let z be p(6). Let n(t) = -t**3 + 7*t**2 - 6*t + 3. Give n(z).
3
Suppose -3*d = -3*p - 9, 53*d - 17 = -p + 49*d. Let v(b) = 7*b**2 +